863 + 2613 = 2*i - 5*a. Is i prime?
False
Suppose -4*v - 5*v - 2*v = 0. Let c(t) be the second derivative of t**4/12 + t**3/2 + 1191*t**2/2 - 2*t. Is c(v) a prime number?
False
Let t = -99 + 103. Suppose 5*r - r - 6384 = -2*g, -t*r = -4*g - 6396. Is r prime?
True
Suppose 2*k = 65 - 21. Let y(x) = 9 + k + 16*x + 60*x. Is y(18) a composite number?
False
Suppose 5*l - 128 = 2*k - 39, -5*k - 23 = -2*l. Let t = l + -18. Let f(g) = 1693*g**2. Is f(t) a composite number?
False
Suppose 2184*z - 5*o - 649789 = 2178*z, 4*o + 108295 = z. Is z prime?
False
Let a be (12/7)/((-2)/14). Let d be a/30 + (-1)/(10/116). Is (8/d)/(1 + 635/(-633)) composite?
False
Is (14459674/(-296))/((-1)/4) a composite number?
False
Let b = -36793 - -88154. Is b prime?
True
Let u(z) = -11484*z + 2545. Is u(-3) composite?
False
Suppose 8*s - 18 - 6 = 0. Is (-6)/(6/17231)*(-3)/s prime?
True
Suppose 2*r = 3*n - 65, -70 = -2*n - 7*r + 3*r. Suppose 20 = 2*w + 4*v, -10 = -w - 4*v - v. Is 6/w - (-4 - 18210/n) prime?
True
Is 234364/(-6)*81/(-54) prime?
False
Let l = 563 - 608. Is 353276/36 - (-10)/l a prime number?
False
Suppose -74*l + 51*l + 815557 = 0. Is l a composite number?
True
Let u = 336824 + 97023. Is u a prime number?
True
Let i = 9438 + -5269. Is i a prime number?
False
Let j(d) = 15*d - 31. Let q be j(3). Suppose -5*m = g - 15 - 6, 0 = 4*m - 2*g - q. Suppose -4*s = -p + 111 - m, 0 = -3*p - 5*s + 372. Is p a composite number?
True
Let a be (-1)/(2/8)*72/(-36). Suppose -a*g + 39394 = -12534. Is g composite?
False
Suppose 0 = 116822*w - 116826*w + 1218788. Is w composite?
True
Suppose 0 = 4*u - 3*d - 312197, -u + 85*d - 87*d + 78063 = 0. Is u composite?
True
Suppose -5*s - 5 = -0*s. Let w be (-8)/(-4) - (1 + s). Suppose i = -4*l + 2*l + 2676, -3*i = -w*l + 2668. Is l a composite number?
True
Let s(g) be the second derivative of 11*g**5/40 - 5*g**4/24 + g**3/2 + 13*g. Let j(y) be the second derivative of s(y). Is j(12) composite?
True
Let q(j) = -8*j**2 - 12*j**2 + 13 + 21*j**2 - 10*j. Let y be q(9). Is 4/(-8) + -3 + 146/y a prime number?
False
Let q = -633 - -638. Is (-176)/110 - (-12303)/q composite?
False
Let i(v) = -25*v**3 - 6*v**2 + 15*v + 50. Let b be i(-15). Suppose 18*p = 133816 + b. Is p a prime number?
True
Let y(s) = -373*s - 120. Let z be y(7). Let g = 9228 - z. Is g a prime number?
True
Suppose 8 = i + 4*w + 2, 2*i - 5 = -w. Suppose -i*g - 371 = -919. Let b = g - -647. Is b a prime number?
False
Let z(q) = -q**2 + 8*q + 13. Let l be z(6). Suppose -l = -4*c - 5*a, 2*a = a + 1. Suppose 0 = c*y - 6*y + 1, -5*j - 5*y = -6435. Is j prime?
False
Let z = -1260 - -2393. Let l = 2022 - z. Is l a prime number?
False
Let g be -1*2/(-2)*-2. Let u(d) = -1157*d - 29*d - 458*d - 11 + 139*d. Is u(g) composite?
False
Let a(b) = 3345*b**3 - 55*b**2 + b - 3. Is a(2) a composite number?
False
Suppose 34*o - 992344 - 5182165 = 650073. Is o a composite number?
False
Suppose -w + 200118 = 7*f, -23*w + 4*f = -20*w - 600229. Is w prime?
False
Suppose 35*c = -257*c - 1288388 + 12907944. Is c a composite number?
True
Is -1 + 14/8 - 3029939/(-44) a prime number?
True
Suppose 364*k + 5*x - 185410 = 359*k, k - 2*x - 37079 = 0. Is k a composite number?
True
Let i = 4286 + 15555. Is i a composite number?
False
Is -2361*((-114)/9 - -3) + 0 a prime number?
False
Suppose 3*i - 935 = 3*c - 8*c, -4*i + 5*c + 1200 = 0. Let z(l) = -18*l**2 - 13*l - 8. Let x be z(-8). Let g = i - x. Is g composite?
False
Suppose a = 3*q - 5, 3*a + 10 + 5 = -4*q. Suppose 8*u - 7*u - 4 = q, -4*c = -4*u - 3580. Is c a composite number?
True
Let v(u) = -1724*u**3 - 22*u**2 + 15*u - 4. Is v(-3) composite?
False
Suppose 5*i - 50 = 880. Let q = i - -1315. Is q a prime number?
False
Let m(i) = -i**2 - 8*i - 7. Let j be m(-5). Suppose -10*t = -5553 - 1917. Suppose z - t = -j*z. Is z a composite number?
False
Suppose 53*k = 280230 + 366211. Is k prime?
True
Let u(v) = -1374*v - 4964. Is u(-15) prime?
False
Is 2 + -38214*34/(-51) composite?
True
Let k = 509 - 506. Is k/2*136994/39 a composite number?
True
Is (1*(-40)/30)/((-5)/((-4062195)/(-12))) a prime number?
True
Is ((-1678)/4)/((2/((-8)/4))/146) a prime number?
False
Let i = 0 + -23. Let o = -7 + i. Let k = 49 - o. Is k a composite number?
False
Let s(z) = -5 + 3 - 376*z - 4 + 20. Let d be s(-6). Suppose 5*m - 3485 - d = 0. Is m prime?
True
Let f = 4070 + -1093. Let r = f - 4515. Let l = -853 - r. Is l composite?
True
Suppose 183*v + 226445 = 4*p + 180*v, 4*p - 226424 = -4*v. Is p a composite number?
True
Suppose -7*p = -243763 - 1274922. Suppose -8*h + 13*h = p. Is h prime?
True
Let m(o) = -6*o + 3737. Let z be (0*5/(-10))/(-1). Is m(z) prime?
False
Suppose -6*y + 2*y + 76 = 0. Let o(q) = y - 5*q + 4*q**2 + 16*q + 6*q**2 - 9*q**2. Is o(-11) prime?
True
Suppose -2*z + 1083 = -5*a, -z - z + 1104 = 2*a. Suppose 0 = -3*f + 3*n + z, 2*f - 4*n - 270 - 100 = 0. Is f a prime number?
True
Let z(y) = 196*y**3 - 5*y**2 - 30*y + 146. Is z(7) a prime number?
True
Suppose 3*u - 71 = -38. Suppose 31794 - 10025 = u*g. Is g a composite number?
False
Let k = 78 + -44. Let t = k + -34. Suppose 4*u + t*u = 2492. Is u a composite number?
True
Let p be ((-510)/825 - (-2)/(-11))*-35. Suppose -p*c + 276593 + 80715 = 0. Is c a composite number?
True
Let s(i) = -8*i**2 + 3*i + 6. Let a be s(6). Let x(l) = l**3 - 48*l**2 + 14*l - 113. Let r be x(48). Let y = r + a. Is y prime?
False
Let r = -481 - -485. Let o = 13 - 8. Suppose -4*q + 6603 = -o*f, 2*q - r*f - 2834 = 460. Is q prime?
True
Let z(t) be the third derivative of -13*t**5/60 - t**4/8 - 23*t**3/6 + 12*t**2. Let k be z(-13). Is (k/5)/((-16)/80) a composite number?
True
Let x(r) be the third derivative of -1/6*r**3 + 0 + 87/10*r**5 + 3*r**2 - 1/4*r**4 + 0*r. Is x(-2) composite?
False
Suppose 0 = f + 5*m + 8, -5*f - 3*m - 2 = -3*f. Suppose -5*t = d - 522, 524 = d + t + f*t. Is d prime?
False
Suppose 191*t + 77071 = 3*h + 189*t, -3*t + 102750 = 4*h. Is h a prime number?
False
Let r(a) = 1569*a**2 + 84*a - 562. Is r(7) prime?
True
Let m(r) = -242*r - 5. Let p(a) be the third derivative of a**6/120 - a**5/6 + 7*a**4/24 + 8*a**3/3 - 9*a**2. Let z be p(9). Is m(z) prime?
True
Let f = 123 + -117. Suppose -f*a - 4457 = -57365. Is a composite?
True
Let h = -118893 + 195584. Is h a prime number?
False
Let d = 107 + -103. Suppose -4*f = 4*w - 664, 2*f = -d*w + 328 + 330. Suppose -w*i + 168*i - 12265 = 0. Is i a prime number?
False
Let o = 460202 - 269959. Is o prime?
True
Suppose -93055 = 2*f - 3*z, -93015 = -29*f + 31*f + 5*z. Let x = 22209 - f. Is x a composite number?
False
Let x be 3 + (-1 - 1)/2. Suppose -2*l = x*l + l. Suppose -2*q - 4*c + 461 + 57 = l, -5*q + 3*c = -1243. Is q composite?
False
Let b be (-4)/32 - 5/(-40). Suppose b = 5*z + 161 + 4. Is (53614/z)/(2/(-3)) a composite number?
False
Let s = 207 - 203. Suppose 9*h - 4*h + 4916 = s*f, 0 = 3*h. Is f prime?
True
Suppose -59*s - 36*s = -2668645. Is s a prime number?
False
Suppose 3*s - 27*z = -30*z - 52416, -3*s + 5*z - 52432 = 0. Let r = 26113 + s. Is r a composite number?
True
Let j(i) = 2*i**3 + 8*i**2 + 19*i + 25. Let k = -519 + 531. Is j(k) prime?
True
Suppose -241*x = -249*x + 168. Suppose 2792 = 3*u + u - 3*j, u = j + 697. Suppose 20*c + u = x*c. Is c composite?
False
Let c be (2/3 - 1)/((-6)/36). Let q be (-2)/c*-2895 - (-2 + 2). Is (5 - 4) + -3 + q prime?
False
Suppose -2*p + 3*q - 2*q = 1, -3*p + 5*q = 19. Suppose a = -2*a + p*a. Is 267 - (a - -4 - 2) composite?
True
Suppose 3*r - 1454 + 149 = -4*z, -5*r + 2192 = z. Suppose 0 = -4*b + 865 + r. Is b a prime number?
False
Let q = -89 - -278. Suppose 0*g = -7*g + q. Is 350/6 + (-9)/g a prime number?
False
Suppose 2*d + c - 154806 = 154339, 0 = -3*d + 2*c + 463707. Is d a composite number?
False
Suppose -63*p + 4277862 = -2288691. Is p prime?
True
Let h(j) = -58*j**3 - 52*j**3 + 10*j + 4 + 111*j**3 + 7*j**2. Let t be h(-5). Suppose -2*k + k - 5*n = -131, 428 = 4*k - t*n. Is k a prime number?
False
Suppose -5*x = -4*k - 2*x - 4400, k = -5*x - 1123. Let s = 4864 + k. Is s composite?
False
Let b(r) = -34*r + 30. Let f(t) = 1. Let m be -4 - (2 - -1 - 10). Let x(w) = m*f(w) - b(w). Is x(14) composite?
False
Suppose -k + h + 31 = 0, -14*h - 123 = -4*k - 9*h. Is k/(-15) - -2 - 2111285/(-825) a prime number?
False
Suppose -3472 = 4*w - 20